mber?
False
Suppose -22690801 = 144*q - 296*q + 9162775. Is q prime?
True
Suppose 0 = -2*o + 3 + 9. Suppose -o*w + 4 = -14. Suppose 5*u - 4*x - 267 = 0, -2*x - 3 = w. Is u a composite number?
True
Is 0 - 12/36*18609*-149 a composite number?
True
Let h(s) = -s**2 + 3*s + 566. Let f be h(0). Suppose -5*t = -2*k - 1431, -f = t - 3*t + 4*k. Suppose 3*c = 4*x + 871, -c - x - x = -t. Is c a composite number?
True
Suppose -1176748 = 11*v + 26*v. Let s = v - -45107. Is s prime?
False
Let f(q) = -578*q - 1540 + 1476 - 311*q. Is f(-7) a prime number?
False
Suppose -31 + 10 = -3*c. Suppose c*o + 7 = 6*o. Is 2/o + 10359/21 a prime number?
False
Let d(k) = k**3 - 10*k**2 - 14*k - 258. Is d(37) a composite number?
False
Let z(x) be the second derivative of -6*x - 15*x**3 + 0 + 19/2*x**2. Is z(-10) prime?
True
Suppose -2288032 = 371*j - 403*j. Is j a composite number?
True
Suppose -19*o = -69420 - 3293. Is o prime?
False
Suppose -1412883 - 2249713 = -21*c - 7*c. Is c a composite number?
False
Let g(p) = -3528*p + 1369. Is g(-4) composite?
True
Let m(y) = 8*y**2 + 116*y - 1289. Is m(-110) a composite number?
True
Let o(l) = 3977*l**3 + 5*l - 5. Let w be -4*1 + (1 - 12/(-3)). Is o(w) prime?
False
Is ((-3393831)/42)/(-3 + 15/6) a composite number?
False
Let d = 346 - 149. Let p = 110 + d. Is p a composite number?
False
Let w(n) = -7*n - 117. Let p be w(-17). Is ((-2)/(-3))/(p/951) prime?
True
Let k(l) = l**3 - 22*l**2 + 52*l + 24. Let v be k(24). Let u = v + -1627. Is u composite?
False
Let j = -115 - -116. Let f(n) = -9233*n**2 + n + 1. Let h be f(j). Let r = -5242 - h. Is r prime?
True
Suppose 3*n = 36835 + 21517 - 9749. Is n composite?
True
Let d(g) = -113*g + 31. Let p(r) = 338*r - 94. Let l be ((-5)/(-2) - -1)*(-8)/(-14). Let y(x) = l*p(x) + 7*d(x). Is y(-6) composite?
False
Let i(n) = -1067*n + 26. Suppose -118 + 244 = -14*h. Is i(h) a composite number?
False
Let u = 76 - 76. Suppose -84*b + 79*b + 35 = u. Suppose -b*j + 4*j = -4*k - 7205, 0 = -k - 5. Is j prime?
False
Let n = -30 - -32. Suppose 3*t + 0*t = -n*m + 10817, 3*t - 10831 = 5*m. Is t a prime number?
True
Let d = 4810 - 705. Suppose -3*m = c - d, m = -15*c + 10*c + 20553. Is c a composite number?
False
Suppose 5*y - 2682 = 14*y. Let q = 33 - y. Is q a prime number?
True
Let c = 317 + -301. Suppose -c*p + 489 = -11399. Is p prime?
True
Let k(i) = 9741*i + 1586. Is k(15) a prime number?
False
Let j = -331 - -299. Is ((-101488)/j)/((-2)/(-4)) a prime number?
True
Let t(r) = r**2 - 2*r + 1. Let s be t(1). Let f be ((-588)/21)/((-8)/358). Suppose 0*x - x + o + f = s, -2518 = -2*x - 4*o. Is x a prime number?
False
Suppose 0 = -v + 16513 - 4933. Let o = v - 4529. Is o a prime number?
False
Suppose -23*s + 21*s = -2*d - 24910, 0 = -2*s - 2*d + 24894. Is s prime?
True
Let l be ((-15)/(-12))/(6/28824). Suppose -l = -8*b - 349. Is b prime?
False
Let m(b) = 23*b**3 + 7*b**2 + 4*b - 1. Let k(q) = 2*q**3 - q**2 + q - 1. Let a(t) = 4*k(t) + m(t). Is a(7) a prime number?
True
Suppose 0 = -71*a + 1105661 + 29846966 - 219638. Is a prime?
False
Let g(x) = 34*x + 87. Let a be g(-16). Let s = a - -908. Is s composite?
True
Suppose -4*a = 5*s - 10415, 2*a - 5212 = -286*s + 288*s. Is a a prime number?
False
Let a(r) = 5020*r + 8569. Is a(123) a prime number?
False
Let q = 32097 + -9578. Suppose -4*p - 4*v - 67589 = -7*p, -q = -p + 4*v. Is p a composite number?
True
Let i(t) = 3 - t**2 - t - 2 + 2*t**3 - 3*t**3. Let f be (-12)/2 + 0/36. Is i(f) prime?
False
Suppose 5*l + 5*h - 12345 = 0, 0*l - 9852 = -4*l + 4*h. Let r = 411 + l. Suppose r = 20*x - 17*x. Is x composite?
True
Is 194965/(-3)*(-9)/15 a composite number?
False
Let r(y) = 2*y**2 - 21*y + 12. Let i be r(10). Suppose u = -2*u - i*x + 359, -2*x = -5*u + 609. Is u prime?
False
Let i(x) = -5*x**2 - 9*x - 5. Let h be i(-4). Let r = -56 - h. Is (-4)/r - 3265/(-7) a prime number?
True
Suppose -7*r + 6*r + l = -13719, -2*l = r - 13707. Suppose 0 = -25*h + 22*h + o + r, -4577 = -h - o. Is h prime?
False
Suppose 4*x + 10 = -2*i + 4*i, -60 = -4*i - 2*x. Suppose -1435 = -18*b + i*b. Is b prime?
False
Let j(t) = t**3 + 15*t**2 + 13*t - 2. Suppose 0 = z - 5*z - 8. Let r be (-14)/(-4)*z*1. Is j(r) composite?
True
Suppose -6*h + 25 - 7 = 0. Suppose 0*k = -h*k + 6846. Suppose -4*b = -2*b - k. Is b a prime number?
False
Let f be 2/8 + 12966/8. Let y = -5503 - -4555. Let i = y + f. Is i a prime number?
True
Suppose 34045 - 8745 = 25*h. Is h/2 - ((-60)/6 - -11) a composite number?
True
Suppose 3*t = -t - 5*f + 1189, 4*t = 4*f + 1144. Let x be -6 + 7 + t/3. Let c = 195 - x. Is c composite?
False
Let w(d) = 2*d**3 + 220*d**2 + 219*d + 368. Is w(-99) composite?
False
Let u = -47 + 65. Let b be u/14 + (-4)/14. Is 2110/6*3/b a composite number?
True
Let m(c) = 2*c**2 - 43*c + 63. Let u be m(22). Suppose 94*x = u*x + 9909. Is x composite?
True
Suppose 2*r - 58992 = 12726. Suppose -8*a + 189803 = r. Is a a composite number?
True
Suppose 4*r - 16*r - 51636 = 0. Let z = 7760 + r. Is z composite?
False
Suppose 10331300 = 51*m - 47739595. Is m prime?
False
Let o be ((-49070)/(-175))/(2/5). Suppose o*p + 9406 = 703*p. Is p composite?
False
Let p = -360 - -362. Suppose -530 = -2*z - p*n, 269 = -14*z + 15*z + 3*n. Is z a prime number?
True
Let w = 50 - 36. Suppose 19*l - 20 = w*l. Suppose -p = -3*p - l*t + 2626, -3*p + 3951 = 2*t. Is p composite?
False
Let w = -673418 + 1054237. Is w composite?
False
Is (69 - 70 - 2/(-4))*-26734 a prime number?
True
Let x be -2 - -3 - 3 - -28. Let t = -599 + 639. Let r = t - x. Is r a composite number?
True
Let o be ((-6)/(-4))/((-12)/(-40)). Let l(z) = -2*z + z**2 - o - 3 + 8*z. Is l(-9) composite?
False
Suppose 0 = 5*v + 5*y - 5, 4*y = -v + 3*v - 26. Suppose -3*l - 3*c = -417, l + 75 - 206 = -v*c. Let z = l + -116. Is z prime?
False
Suppose -g = 5, 4*j - 3*j - 4*g - 1917 = 0. Let x = j - 920. Is x composite?
False
Let a(h) be the first derivative of h**3/3 + 3*h**2/2 + 5*h + 21. Let b be a(-2). Suppose 0 = b*o + 117 - 1110. Is o composite?
False
Suppose -6*z + 69 = 27. Let u(a) be the second derivative of a**5/10 - 11*a**4/12 + 2*a**3/3 + 8*a**2 - 40*a. Is u(z) a composite number?
False
Suppose 645*w - 137*w - 47608518 = 150868606. Is w a composite number?
False
Let i(o) = -34626*o + 1573. Is i(-5) composite?
False
Suppose 4*q = -2*b - 70315 + 303661, 2*b - 3*q - 233360 = 0. Is b a prime number?
False
Suppose 4987 - 15711 = -f. Let t = f + -4813. Is t composite?
True
Let l = -47 + 57. Let n = 5 - l. Is 4/6 + ((-51470)/(-15) - n) composite?
True
Let d(s) be the third derivative of 17*s**5/3 - 5*s**4/24 - s**3/2 - 2*s**2 - 15*s. Is d(2) a composite number?
True
Suppose 2*q + q - 3*o = -12, -q + 4*o - 19 = 0. Suppose -1 - q = -z. Suppose -z*p = p - 1143. Is p a prime number?
False
Let a(j) = 145*j**2 + 14*j + 79. Let i be a(-6). Suppose 40*w = i + 43305. Is w a prime number?
True
Let m be ((-5)/((-30)/(-53343)))/((-12)/24). Suppose 57*a - 54*a = m. Suppose -5*h + 2*h = -4*v - a, -3*h + 5923 = -2*v. Is h prime?
True
Is 245 + -246 + 6053*39 composite?
True
Is ((-35803)/2 + 3)/((-5)/10 + 0) a prime number?
True
Is -10 + 12 - 112899/(-11) - (-12)/(-22) prime?
False
Let p(r) = -3901*r + 1235. Is p(-14) composite?
False
Suppose 5 + 7 = 3*g. Suppose -5*y = -4*d + 909, 3*d + g*y + 147 - 790 = 0. Let l = d + -90. Is l a prime number?
True
Let x(o) = o + 20. Let y(h) = -10*h - 6. Let i be y(1). Let p be x(i). Suppose -3*s + 276 = 3*q, p*q - 5*s = -2*s + 389. Is q prime?
False
Let m be 12128/7 + 39/91. Let i(w) = -252*w - 12. Let c be i(-11). Suppose -m = -3*k + o - 79, -c = -5*k + o. Is k composite?
True
Let x = -9167 + 13786. Is x composite?
True
Suppose -5*n = -10 + 5. Let p be (n + 2)/3*0. Suppose p = -2*f + t + 935 - 146, -2*t + 804 = 2*f. Is f composite?
False
Let l(w) = 5908*w**2 - 3*w - 122. Is l(9) prime?
True
Let q = -193759 - -327227. Suppose 16*s + q = 34300. Let x = -3751 - s. Is x a prime number?
True
Let g(v) = v**2 + 20. Let t be g(0). Suppose -t*d + 28*d - 17752 = 0. Is d a prime number?
False
Suppose 406 = 8*a - 50. Suppose -2*m = 10, 2*s + 3*m + 62 = 5*m. Let q = a + s. Is q a composite number?
True
Let s(l) be the first derivative of 248*l**3/3 + 2*l**2 - 2*l + 66. Is s(-2) a prime number?
False
Let a = 47029 + -28160. Suppose 2*b - 6337 = a. Is 